+ 2*r - c, o + 9 = -4*r. Suppose -o*w + 3*w + 144 = 0. What is the units digit of w?
8
Let u be (-702)/(-10) + 7/(-35). Let t = u - 70. Suppose 4*r - 38 - 274 = t. What is the tens digit of r?
7
Let h be (-2 - 2) + -57 + 1. Let k be ((-8)/h*-3)/((-1)/5). What is the units digit of 1 + (2 - k) - -97?
8
What is the tens digit of 3491 + (-56)/(-7) - (-1 - 8)?
0
Suppose 18*g + 2036 = 22*g. Suppose 201 = -2*t + 3*h, 0 = 8*t - 3*t - h + g. Let z = t - -194. What is the tens digit of z?
9
What is the thousands digit of 552520/(-114)*(-2 - (-1)/2)?
7
Suppose -3*c + 52133 = 2*s, 406*s - 4*c + 130322 = 411*s. What is the hundreds digit of s?
0
Suppose 0 = 2*w + 2 - 10. Suppose w*y = 4*n - 6272, -9*y + 7822 = 5*n - 5*y. What is the units digit of n?
6
Let p = -188 - -677. Suppose 7*l = 869 + p. Suppose l = -2*w + 608. What is the units digit of w?
7
Let r(p) = 4663*p**2 + 34*p - 10. What is the hundreds digit of r(1)?
6
Suppose 0 = 4*l - 30 + 14. Let q(g) = -g**3 + 5*g**2 - 2*g - 4. Let s be q(l). Suppose -2*v + 283 = w + 54, 0 = s*v - 5*w - 479. What is the tens digit of v?
1
Let n(q) = -134*q - 9. Suppose 2*l - 2*c + 18 = -0*l, 4*l + 2*c + 6 = 0. What is the tens digit of n(l)?
2
Suppose 0*s = -16*s - 21552 + 143696. What is the units digit of s?
4
Let u(m) be the third derivative of -m**5/30 + m**4/4 + 5*m**3/6 + 32*m**2. Let l be u(-7). Let i = l - -351. What is the units digit of i?
6
Suppose 33*u = 35*u + 4. Let t be 10/6*(0/u + 171). Suppose t = 3*n - 156. What is the hundreds digit of n?
1
Let o(l) be the first derivative of -l**3/3 + 17*l**2/2 + 33*l - 149. What is the tens digit of o(16)?
4
Suppose v - 3 - 6 = 2*f, 4*f + 9 = -v. Suppose 0 = -v*t + 7 - 1. Suppose -t*x + 175 = -5*o, -2*x + 0*o = -2*o - 178. What is the tens digit of x?
9
Let x be 4/(-14) - (-16)/(784/(-16401)). Let k = 2391 + x. What is the hundreds digit of k?
0
Let q be ((-34)/4 - 2)*(2 - 4). Suppose 4*n - d - q = 0, -4*n + 9*d = 6*d - 31. What is the units digit of n?
4
Suppose -107*p - 3178062 = -228*p - 108*p. What is the thousands digit of p?
3
Let q(l) = -1 - 17*l + 15*l**2 - l**3 + 6*l**2 - 2. Let a(o) = -19*o - 75. Let k be a(-5). What is the tens digit of q(k)?
5
Let p = -46 + 52. Suppose a = -3*l - 92, -5*l + 3*a - p*a = 156. What is the units digit of (l/(-20))/((-6)/(-28))?
7
Suppose -2*w - 17 + 1 = -3*p, 2*p - w - 10 = 0. Suppose p*l - 2670 = -2*b, -b + 2000 = 3*l + b. What is the tens digit of (1/(-2))/(-4 + l/168)?
4
Let c(l) = -905*l + 256. What is the thousands digit of c(-9)?
8
Suppose -805*h + 808*h - 1829 = 379. What is the hundreds digit of h?
7
Suppose -48*r = -74298 - 77958. What is the tens digit of r?
7
Suppose -8*j - 11208 + 3280 = 0. Let t = 1688 + j. What is the units digit of t?
7
Let g(v) = 61*v - 85. Let p be g(5). What is the hundreds digit of ((-816)/(-10))/(33/p)?
5
Let y(i) = -4*i + 0*i + 2*i - 4*i. Let s = -123 + 115. What is the tens digit of y(s)?
4
Suppose 4*a = -14*m + 10*m + 76, -5*a = -2*m - 130. What is the tens digit of a?
2
Let o(u) be the second derivative of 5*u**4/12 - u**3 + 23*u**2/2 - 11*u - 4. What is the tens digit of o(-9)?
8
Suppose -24*k + 3*k + 388 = 367. Let t(x) = -x**2 + x. Let p be t(-1). What is the units digit of (3*k/p)/(6/(-488))?
2
Let l = 36527 - 15699. What is the ten thousands digit of l?
2
Let s(c) = 81*c**2 + 2*c - 4. Let r be s(-3). Let h = r + -333. What is the hundreds digit of h?
3
Suppose -18*j - j = -57. What is the tens digit of 189*7 - ((-27)/j + 4)?
2
Suppose 1620 = -42*n + 48*n. Let x = 273 + n. What is the tens digit of x?
4
What is the hundreds digit of (-12 - -3) + 22*(1624 - (-1 + 12))?
4
Let b(j) = j**2 + 118*j + 525. What is the units digit of b(62)?
5
Let q(b) = 562*b**2 + 28*b - 96. What is the thousands digit of q(3)?
5
Let c(r) = 23*r - 42. Let y be c(-15). Let v = y - -946. What is the hundreds digit of v?
5
Suppose 5*z = -73 + 903. Suppose -3*h + 492 = 3*q, q - 2*h + 5*h = z. What is the tens digit of q?
6
Let k(l) = l**2 - 8*l - 23. Let f be k(10). What is the hundreds digit of 606*1/f*-1?
2
Let k(h) = 476*h**2 + 112*h - 461. What is the hundreds digit of k(4)?
6
Let p be -12 + 20 - (-6)/2. Let l(b) = b**3 - 11*b**2 + 15*b - 7. What is the hundreds digit of l(p)?
1
Let u = 52960 - 7298. What is the ten thousands digit of u?
4
Let y(p) = 6*p**3 - 6*p**2 - 4*p + 3. Let u be y(-6). What is the units digit of 4 - -1 - u/5?
2
Suppose -2*c - c = -132. Let k = 49 - c. What is the units digit of (-4719)/(-55) + (-4)/k?
5
Let q(x) = 27*x**3 + 2*x**2 - 3*x - 2. Let j be q(-2). Suppose -22*h + 26*h + 16 = 0, 4*b - 1428 = 5*h. Let n = j + b. What is the tens digit of n?
4
Suppose 112441 + 57777 + 98144 = 51*b. What is the hundreds digit of b?
2
Let o be (-4)/38 - (-45916)/(-247). Let x = o - -764. What is the tens digit of x?
7
Let v be (19/1)/((-7)/(-28)). Suppose 0 = w - 3*w - 4*c - 44, 0 = -3*w + 3*c - 66. Let z = v - w. What is the tens digit of z?
9
What is the units digit of 4/(-34) + 124175920/3740?
2
Let r(y) = y**3 - 2*y**2 + 2*y - 2. Let h be r(2). Suppose 0 = -h*u + 8*u - 432. What is the tens digit of -3 + u - (2 + (2 - 1))?
6
Suppose 3*b - 50096 = -5*q, -q + 2*b = -6648 - 3366. What is the ten thousands digit of q?
1
What is the thousands digit of ((-27849)/(-30))/(93/930)?
9
Let a = -2 - 2. Let v(r) = -4*r**3 - r**2 + r + 3. Let l be v(0). What is the tens digit of 27/l - (a - -3)?
1
Suppose -8*u + 18*u - 100 = 0. What is the tens digit of 944 - (u - (5 - 4))?
3
Suppose 0 = 251*f - 1067764 - 1689722. What is the thousands digit of f?
0
Suppose -12*v + 8*v = -32. Suppose -2*t + 51 = l + 2*l, 69 = 3*l - 4*t. Let c = l - v. What is the tens digit of c?
1
Let a(k) = 5*k**2 + 442*k - 91. What is the thousands digit of a(43)?
8
Suppose 8 + 328 = -4*x. Let b be -6*(x/9 - -4). Let k = b - 26. What is the units digit of k?
6
Suppose 5 + 49 = 6*p. Let a(w) = -w**2 + 11 + p*w - 21 + 5 + 16. What is the tens digit of a(8)?
1
Let z = 91 + -86. Suppose -4*x = -z*d + 317 - 6, -2*x = -4*d + 244. Let w = d + -40. What is the tens digit of w?
1
Suppose 42*s - 12377 + 41567 = 0. Let j = -268 - s. What is the hundreds digit of j?
4
Let h = -2706 + 11815. What is the units digit of h?
9
Let s = -10329 - -24692. What is the units digit of s?
3
Let p(f) = -37*f**2 + 22*f + 35. Let j(h) = -38*h**2 + 24*h + 34. Let b(r) = 3*j(r) - 4*p(r). What is the hundreds digit of b(-4)?
5
Suppose 11*d - 11*d + 225150 = 19*d. What is the hundreds digit of d?
8
Let d(g) = 3*g**2 + 7*g + 28. Let f = 27 - 10. What is the units digit of d(f)?
4
Let h(l) = 2*l**2 - 3*l - 2. Let m be h(-1). Suppose f + 5*q = -328, -m*f + 12*q = 17*q + 1024. Let w = -193 - f. What is the units digit of w?
5
What is the units digit of (-6)/(-2)*(-14)/(-10 - -52) - -16751?
0
Let v(x) = 299*x**2 - 187*x - 1112. What is the thousands digit of v(-6)?
0
Suppose 0 = 9*c - 25 - 92. Suppose 3*o + 9*j = c*j + 871, 2*j = -3*o + 847. What is the units digit of o?
5
Let k = 61235 + -14351. What is the units digit of k?
4
Suppose -h + 11 = -2*z, -2*h - 4*z - 1 = -h. Suppose -h*f = -6*f - 13. Let d(u) = u**3 - 12*u**2 - 6*u - 14. What is the tens digit of d(f)?
7
Let o = 24185 - 13057. What is the units digit of o?
8
Let n(y) be the third derivative of -y**6/30 + 7*y**4/12 - y**3/6 + y**2 + y. What is the hundreds digit of n(-5)?
4
Let r = -3562 + -6. Let d = -2011 - r. What is the thousands digit of d?
1
Let v = -2 + 2. Suppose 1 = 3*p - 4*b - 60, v = 3*b + 12. What is the units digit of (-36)/27*p*-1 + -3?
7
Let q = 240 + -238. Let w(u) = 340*u + 6. What is the tens digit of w(q)?
8
Suppose -10*l + 84177 = -l. Suppose 0 = 10*o - 757 - l. What is the thousands digit of o?
1
Let j be 0 - (-2 + 4)*-1. Let i be (j + -1)/(14/(-42)). Let z = 19 + i. What is the units digit of z?
6
Suppose -o = w + 1, 6*w = w + 4*o + 4. Let t = -15 + 16. What is the units digit of 1 - (t + -117) - (w + 4)?
3
Suppose 0 = -10*b + q + 88163, -60*q = -2*b - 61*q + 17641. What is the units digit of b?
7
Let k(x) = -8*x**2 - 3*x - x**2 + 8 + 0*x**2 + 3*x**2. Let n be k(2). Let m = 78 + n. What is the units digit of m?
6
Let i be ((-75)/(-35))/(8/56). What is the units digit of (1086/i)/((-2)/(-10))?
2
Let g(d) = -2 - 4 + 3*d + 3 - 10. Let v be g(4). Let q(f) = 266*f**2 + 3*f + 3. Wh